{"id":897,"date":"2026-03-27T17:19:44","date_gmt":"2026-03-27T17:19:44","guid":{"rendered":"https:\/\/kenshinkan.com.ar\/escuela\/?page_id=897"},"modified":"2026-04-15T15:01:03","modified_gmt":"2026-04-15T15:01:03","slug":"sentido-interno-de-las-artes-marciales","status":"publish","type":"page","link":"https:\/\/kenshinkan.com.ar\/escuela\/sentido-interno-de-las-artes-marciales\/","title":{"rendered":"Sentido interno de las artes marciales: cuentos, relatos, di\u00e1logos."},"content":{"rendered":"\n<p class=\"has-border-color has-ast-global-color-4-border-color has-medium-font-size\" style=\"border-width:10px\">Siempre es grato leer y apreciar textos que, de una manera indirecta, a trav\u00e9s del cuento o de la poes\u00eda, ense\u00f1a la aut\u00e9ntica sabidur\u00eda. La tradici\u00f3n japonesa, como todas las tradiciones antiguas, es extremadamente rica en cuentos y en narraciones de todo tipo. El aportes de cuentos y prodigios de la tradici\u00f3n budista no deja de ser menos importante. La intenci\u00f3n de esta secci\u00f3n es reunir estos cuentos y narraciones de las artes marciales.<\/p>\n\n\n\n<p class=\"has-border-color has-ast-global-color-4-border-color has-medium-font-size\" style=\"border-width:10px\">Hay que ver en los textos que nos presenta s\u00f3lo una agradable e inteligente manera de dar a conocer acontecimientos y narraciones a veces aut\u00e9nticos, como es el caso de los recuerdos de Eugen Herrigel sobre el gran Maestro de arco, Awa, o las concernientes al fundador del aikido, el Maestro Ueshiba. Es dif\u00edcil saber d\u00f3nde acaba la historia y donde comienza el cuento en este mundo sutil y un poco m\u00e1gico, real o maravilloso, de los grandes Maestros. Es evidente que el \u00ab\u00faltimo secreto\u00bb nunca es verdaderamente transmisible y que, sin embargo, aquel que quiere puede comprender y ser iniciado, o \u00abrobar\u00bb el secreto, tal como el joven Yang Lu Chan, del siglo XIX, que consigui\u00f3 ingresar en la familia del Maestro Chen Chang Hsiang que detentaba el secreto de una forma de combate a mano desnuda, conocido desde entonces con el nombre de tai-chi.<\/p>\n\n\n\n<div class=\"wp-block-columns is-layout-flex wp-container-core-columns-is-layout-28f84493 wp-block-columns-is-layout-flex\">\n<div class=\"wp-block-column is-layout-flow wp-block-column-is-layout-flow\" style=\"flex-basis:33.33%\">\n<figure class=\"wp-block-image aligncenter size-large is-resized\"><a href=\"https:\/\/kenshinkan.com.ar\/escuela\/wp-content\/uploads\/2026\/03\/Screenshot_20260325-165756.png\"><img loading=\"lazy\" decoding=\"async\" width=\"561\" height=\"1024\" src=\"https:\/\/kenshinkan.com.ar\/escuela\/wp-content\/uploads\/2026\/03\/Screenshot_20260325-165756-561x1024.png\" alt=\"\" class=\"wp-image-804\" style=\"aspect-ratio:0.5478444271474125;width:230px;height:auto\" srcset=\"https:\/\/kenshinkan.com.ar\/escuela\/wp-content\/uploads\/2026\/03\/Screenshot_20260325-165756-561x1024.png 561w, https:\/\/kenshinkan.com.ar\/escuela\/wp-content\/uploads\/2026\/03\/Screenshot_20260325-165756-164x300.png 164w, https:\/\/kenshinkan.com.ar\/escuela\/wp-content\/uploads\/2026\/03\/Screenshot_20260325-165756.png 577w\" sizes=\"auto, (max-width: 561px) 100vw, 561px\" \/><\/a><\/figure>\n<\/div>\n\n\n\n<div class=\"wp-block-column is-layout-flow wp-block-column-is-layout-flow\" style=\"flex-basis:66.66%\">\n<p class=\"has-medium-font-size\">Yang consigui\u00f3 ser empleado como sirviente. Cada d\u00eda segu\u00eda las lecciones del Maestro oculto en un rinc\u00f3n. Un d\u00eda fue sorprendido por el Maestro. Nadie hab\u00eda conseguido jam\u00e1s violar el secreto de una ense\u00f1anza varias veces centenaria. Su vida estaba en juego. Pero el Maestro comprendi\u00f3 que Yang actuaba impulsado por el deseo real de aprender, por lo que accedi\u00f3 a ense\u00f1arle. M\u00e1s tarde, convertido en un gran Maestro, Yang dio a conocer parte de los secretos de la que es sin duda la m\u00e1s grande de todas las artes marciales.<\/p>\n\n\n\n<p class=\"has-medium-font-size\">Todos estos cuentos o narraciones poseen una ense\u00f1anza constante: El esp\u00edritu racional, el deseo de eficacia caen presos de sus propias trampas. Subyacente a la realidad, aparece otra realidad, se manifiesta una eficacia casi absoluta, y aquel que cre\u00eda actuar o golpear es s\u00fabitamente vencido o alcanzado profundamente. Por ejemplo, esos bribones que tan mal acaban despu\u00e9s de atacar a un Maestro de tai-chi que apenas se defiende. El Maestro Awa, para ilustrar que lo esencial hab\u00eda sido adquirido, y por supuesto la eficacia, clava una flecha en un blanco que se encuentra en el fondo de un pasillo sin luz. Despu\u00e9s lanza una segunda flecha que quiebra a la primera. De la misma manera, la fuerza \u00e1gil de un viejo Maestro vence el ardor impetuoso de un joven samurai. Podr\u00edamos multiplicar los ejemplos hasta el infinito.<\/p>\n<\/div>\n<\/div>\n\n\n\n<div class=\"wp-block-columns is-layout-flex wp-container-core-columns-is-layout-28f84493 wp-block-columns-is-layout-flex\">\n<div class=\"wp-block-column is-layout-flow wp-block-column-is-layout-flow\" style=\"flex-basis:66.66%\">\n<p class=\"has-text-align-right has-medium-font-size\">Estas historias tienen como meta hacernos comprender que el umbral a alcanzar y la verdad a comprender nunca son evidentes, que la verdadera eficacia es a menudo secreta y oculta, incluso voluntariamente disimulada, ya que el colmo del verdadero conocimiento es burlarse de \u00e9l, fingir que no se sabe nada. Personalmente he conocido a varios Maestros verdaderos que en apariencia pod\u00edan ser confundidos con las personas m\u00e1s comunes. Esta viva tradici\u00f3n, particularmente en el mundo del sufismo, se ha convertido de hecho en una caracter\u00edstica esencial del sufismo mismo. Se dice a menudo que un pir, un Maestro, y sobre todo un Maestro de Maestros, un polo, debe permanecer desconocido, incluso a veces a s\u00ed mismo.<\/p>\n\n\n\n<p class=\"has-text-align-right has-medium-font-size\">La Humanidad est\u00e1 sembrada de seres cuya calidad interior es un campo de fuerza determinante para el bienestar y la protecci\u00f3n de la vida. Estos seres, en si mismos centros espirituales, est\u00e1n ah\u00ed para crear alrededor de ellos influencias ben\u00e9ficas propicias para mantener y transmitir la tradici\u00f3n secreta.<\/p>\n\n\n\n<p class=\"has-text-align-right has-medium-font-size\">Este es un punto estable, un centro que existe en cada ser y que es posible realizar, ya que no requiere nada que no est\u00e9 en el hombre: una apertura a la sabidur\u00eda infinita desde adentro, una apertura a trav\u00e9s de la cual surge a la luz y florece una sabidur\u00eda que como la de estos Maestros fascinantes, hace que los gestos, los dedos, los bastones, las cosas m\u00e1s insignificantes, se muevan como en la danza del Vac\u00edo.<\/p>\n<\/div>\n\n\n\n<div class=\"wp-block-column is-layout-flow wp-block-column-is-layout-flow\" style=\"flex-basis:33.33%\">\n<figure class=\"wp-block-image alignleft size-full\"><a href=\"https:\/\/kenshinkan.com.ar\/escuela\/wp-content\/uploads\/2026\/03\/Screenshot_20260325-165858.png\"><img loading=\"lazy\" decoding=\"async\" width=\"629\" height=\"687\" src=\"https:\/\/kenshinkan.com.ar\/escuela\/wp-content\/uploads\/2026\/03\/Screenshot_20260325-165858.png\" alt=\"\" class=\"wp-image-805\" srcset=\"https:\/\/kenshinkan.com.ar\/escuela\/wp-content\/uploads\/2026\/03\/Screenshot_20260325-165858.png 629w, https:\/\/kenshinkan.com.ar\/escuela\/wp-content\/uploads\/2026\/03\/Screenshot_20260325-165858-275x300.png 275w\" sizes=\"auto, (max-width: 629px) 100vw, 629px\" \/><\/a><\/figure>\n<\/div>\n<\/div>\n\n\n\n<h2 class=\"wp-block-heading has-vivid-red-color has-text-color has-link-color has-medium-font-size wp-elements-cfc27bb3985832efd41cdaf23b99a686\"><strong>Di\u00e1logo entre el Maestro Akamine y Sensei Ra\u00fal<\/strong>: La B\u00fasqueda de la Excelencia<\/h2>\n\n\n\n<p class=\"has-border-color has-ast-global-color-4-border-color has-medium-font-size\" style=\"border-width:10px\">Sensei Ra\u00fal nos relat\u00f3 en una oportunidad, muchos a\u00f1os atr\u00e1s, una parte de su vida compartida con el Maestro Akamine y queremos compartirla en esta secci\u00f3n.<\/p>\n\n\n\n<figure class=\"wp-block-image aligncenter size-large is-resized\"><a href=\"https:\/\/kenshinkan.com.ar\/escuela\/wp-content\/uploads\/2026\/03\/IMG-20260331-WA0000.jpg\"><img loading=\"lazy\" decoding=\"async\" width=\"572\" height=\"1024\" src=\"https:\/\/kenshinkan.com.ar\/escuela\/wp-content\/uploads\/2026\/03\/IMG-20260331-WA0000-572x1024.jpg\" alt=\"\" class=\"wp-image-1005\" style=\"aspect-ratio:0.5585955381939146;width:670px;height:auto\" srcset=\"https:\/\/kenshinkan.com.ar\/escuela\/wp-content\/uploads\/2026\/03\/IMG-20260331-WA0000-572x1024.jpg 572w, https:\/\/kenshinkan.com.ar\/escuela\/wp-content\/uploads\/2026\/03\/IMG-20260331-WA0000-167x300.jpg 167w, https:\/\/kenshinkan.com.ar\/escuela\/wp-content\/uploads\/2026\/03\/IMG-20260331-WA0000.jpg 768w\" sizes=\"auto, (max-width: 572px) 100vw, 572px\" \/><\/a><\/figure>\n\n\n\n<p><\/p>\n\n\n\n<figure class=\"wp-block-image alignfull size-full is-style-rounded\" style=\"margin-top:var(--wp--preset--spacing--80);margin-right:var(--wp--preset--spacing--80);margin-bottom:var(--wp--preset--spacing--80);margin-left:var(--wp--preset--spacing--80)\"><a href=\"https:\/\/kenshinkan.com.ar\/escuela\/wp-content\/uploads\/2026\/04\/IMG-20260406-WA0007.jpg\"><img loading=\"lazy\" decoding=\"async\" width=\"941\" height=\"1024\" src=\"https:\/\/kenshinkan.com.ar\/escuela\/wp-content\/uploads\/2026\/04\/IMG-20260406-WA0007.jpg\" alt=\"\" class=\"wp-image-1027\" srcset=\"https:\/\/kenshinkan.com.ar\/escuela\/wp-content\/uploads\/2026\/04\/IMG-20260406-WA0007.jpg 941w, https:\/\/kenshinkan.com.ar\/escuela\/wp-content\/uploads\/2026\/04\/IMG-20260406-WA0007-276x300.jpg 276w, https:\/\/kenshinkan.com.ar\/escuela\/wp-content\/uploads\/2026\/04\/IMG-20260406-WA0007-768x836.jpg 768w\" sizes=\"auto, (max-width: 941px) 100vw, 941px\" \/><\/a><\/figure>\n\n\n\n<div style=\"height:52px\" aria-hidden=\"true\" class=\"wp-block-spacer\"><\/div>\n\n\n\n<h2 class=\"wp-block-heading has-border-color has-ast-global-color-4-border-color\" style=\"border-width:10px\">Un pedacito de historia.<\/h2>\n\n\n\n<figure class=\"wp-block-gallery has-nested-images columns-default is-cropped has-border-color has-ast-global-color-4-border-color wp-block-gallery-1 is-layout-flex wp-block-gallery-is-layout-flex\" style=\"border-width:10px\">\n<figure class=\"wp-block-image size-full\"><a href=\"https:\/\/kenshinkan.com.ar\/escuela\/wp-content\/uploads\/2026\/04\/WhatsApp-Image-2026-04-15-at-10.26.34.jpeg\"><img loading=\"lazy\" decoding=\"async\" width=\"1200\" height=\"1600\" data-id=\"1089\" src=\"https:\/\/kenshinkan.com.ar\/escuela\/wp-content\/uploads\/2026\/04\/WhatsApp-Image-2026-04-15-at-10.26.34.jpeg\" alt=\"\" class=\"wp-image-1089\" srcset=\"https:\/\/kenshinkan.com.ar\/escuela\/wp-content\/uploads\/2026\/04\/WhatsApp-Image-2026-04-15-at-10.26.34.jpeg 1200w, https:\/\/kenshinkan.com.ar\/escuela\/wp-content\/uploads\/2026\/04\/WhatsApp-Image-2026-04-15-at-10.26.34-225x300.jpeg 225w, https:\/\/kenshinkan.com.ar\/escuela\/wp-content\/uploads\/2026\/04\/WhatsApp-Image-2026-04-15-at-10.26.34-768x1024.jpeg 768w, https:\/\/kenshinkan.com.ar\/escuela\/wp-content\/uploads\/2026\/04\/WhatsApp-Image-2026-04-15-at-10.26.34-1152x1536.jpeg 1152w\" sizes=\"auto, (max-width: 1200px) 100vw, 1200px\" \/><\/a><\/figure>\n\n\n\n<figure class=\"wp-block-image size-full\"><a href=\"https:\/\/kenshinkan.com.ar\/escuela\/wp-content\/uploads\/2026\/04\/WhatsApp-Image-2026-04-15-at-10.26.34-1.jpeg\"><img loading=\"lazy\" decoding=\"async\" width=\"1200\" height=\"1600\" data-id=\"1088\" src=\"https:\/\/kenshinkan.com.ar\/escuela\/wp-content\/uploads\/2026\/04\/WhatsApp-Image-2026-04-15-at-10.26.34-1.jpeg\" alt=\"\" class=\"wp-image-1088\" srcset=\"https:\/\/kenshinkan.com.ar\/escuela\/wp-content\/uploads\/2026\/04\/WhatsApp-Image-2026-04-15-at-10.26.34-1.jpeg 1200w, https:\/\/kenshinkan.com.ar\/escuela\/wp-content\/uploads\/2026\/04\/WhatsApp-Image-2026-04-15-at-10.26.34-1-225x300.jpeg 225w, https:\/\/kenshinkan.com.ar\/escuela\/wp-content\/uploads\/2026\/04\/WhatsApp-Image-2026-04-15-at-10.26.34-1-768x1024.jpeg 768w, https:\/\/kenshinkan.com.ar\/escuela\/wp-content\/uploads\/2026\/04\/WhatsApp-Image-2026-04-15-at-10.26.34-1-1152x1536.jpeg 1152w\" sizes=\"auto, (max-width: 1200px) 100vw, 1200px\" \/><\/a><\/figure>\n<\/figure>\n\n\n\n<div style=\"height:44px\" aria-hidden=\"true\" class=\"wp-block-spacer\"><\/div>\n\n\n\n<h3 class=\"wp-block-heading has-border-color has-ast-global-color-4-border-color has-vivid-red-color has-text-color has-link-color wp-elements-11f479887f473398b5e1337f58ced387\" style=\"border-width:10px\">Siempre es grato compartir, palabras que salen del coraz\u00f3n.<\/h3>\n\n\n\n<h2 class=\"wp-block-heading has-border-color has-ast-global-color-4-border-color has-medium-font-size\" style=\"border-width:10px\">Mensaje de un kenshinkan a otro kenshinkan.<\/h2>\n\n\n\n<blockquote class=\"wp-block-quote is-layout-flow wp-block-quote-is-layout-flow\">\n<p>Escuchen con el esp\u00edritu, no solo con los o\u00eddos&#8230; En el dojo de nuestra Ken Shin Kan, no solo movemos el cuerpo; forjamos el car\u00e1cter a trav\u00e9s de un hilo invisible que nos conecta con el pasado. Para entender hacia donde vamos, debemos tener absoluta claridad sobre de d\u00f3nde venimos.<\/p>\n<\/blockquote>\n\n\n\n<h2 class=\"wp-block-heading has-border-color has-ast-global-color-4-border-color has-medium-font-size\" style=\"border-width:10px\">El origen: Sensei Akamine.<\/h2>\n\n\n\n<blockquote class=\"wp-block-quote is-layout-flow wp-block-quote-is-layout-flow\">\n<p>Graben su nombre: Sensi Ra\u00fa Fern\u00e1ndez de la Reguera Silva. \u00c9l no fue solo un disc\u00edpulo del Shihan Akamine; fue el pueste que trajo la escencia pura de nuestra escuela a estas tierras. Gracias a su disciplina y su voluntad inquebrantable, hoy nosotros tenemos un lugar donde buscar la perfecci\u00f3n e iluminaci\u00f3n. Olvidar su nombre o su esfuerzo es vaviar nuestra pr\u00e1ctica de sentido. La gratitud es la primera t\u00e9cnica que un karateka debe dominar. <\/p>\n<\/blockquote>\n\n\n\n<h2 class=\"wp-block-heading has-border-color has-ast-global-color-4-border-color has-medium-font-size\" style=\"border-width:10px\">La Memoria que no se Olvida.<\/h2>\n\n\n\n<blockquote class=\"wp-block-quote is-layout-flow wp-block-quote-is-layout-flow\">\n<p>Un practicante sin memoria es como un \u00e1rbol sin ra\u00edces: ante cualquier tormenta, car. Las tradiciones del Ken Shin Kan, nuestros saludos, la forma en que anudamos el cintur\u00f3n la etiqueta del dojo, son recipientes que guardan la sabidur\u00eda de los antiguos. No son \u00abviejas costumbres\u00bb, son lecciones de respeto que se repiten hasta que se vuelven parte de nuestra sangre. Si perdemos la memoria de nuestra escuela, el karate se convierte en una simple gimnasia y nosotros perdemos nuestra identidad. <\/p>\n<\/blockquote>\n\n\n\n<h2 class=\"wp-block-heading has-medium-font-size\">El respeto al Maestro.<\/h2>\n\n\n\n<blockquote class=\"wp-block-quote is-layout-flow wp-block-quote-is-layout-flow\">\n<p>El respeto al Sensei no es un acto de simusi\u00f3n, es un acto de confianza. \u00c9l es quien ha caminado el dojo bajo el fr\u00edo y el cansancio mucho antes que todos nosotros, protegiendo el camino para que hoy sea m\u00e1s claro. Cuando hacen Rei, est\u00e1n diciendo \u00abrespeto tu sacrificio y acepto tu guia\u00bb. Sin ese respeto mutuo, no hay transmisi\u00f3n de conocimiento, solo ruido.<\/p>\n<\/blockquote>\n\n\n\n<h2 class=\"wp-block-heading has-border-color has-ast-global-color-4-border-color has-medium-font-size\" style=\"border-width:10px\">La claridad del karate.<\/h2>\n\n\n\n<blockquote class=\"wp-block-quote is-layout-flow wp-block-quote-is-layout-flow\">\n<p>El karate-do debe ser claro. <\/p>\n\n\n\n<p>Claridad en la t\u00e9cnica: cada golpe y cada bloqueo debe tener un prop\u00f3sito definido.<\/p>\n\n\n\n<p>Claridad en la mente: en el combate y en la vida, si tu menta est\u00e1 nublada por el ego o la duda, perder\u00e1s y te perder\u00e1s.<\/p>\n\n\n\n<p>Claridad en el coraz\u00f3n: entrenamos para ser personas \u00edntegras, no para alimentar la soberbia. Mantengan vivo el legado de nuestro maestro Akamine en cada kiai y en cada gota de sudor. Que su pr\u00e1ctica sea un reflejo de su respeto y consideraci\u00f3n por elser humano a trav\u00e9s de nuestra escuela.<\/p>\n\n\n\n<p>El esp\u00edritu ken shin kan es estar siempre dispuesto para el Vamos!!!<\/p>\n<\/blockquote>\n\n\n\n<p>Autor: Victor Faunes Petit Breuith.<\/p>\n","protected":false},"excerpt":{"rendered":"<p>Siempre es grato leer y apreciar textos que, de una manera indirecta, a trav\u00e9s del cuento o de la poes\u00eda, [&hellip;]<\/p>\n","protected":false},"author":2,"featured_media":0,"parent":0,"menu_order":0,"comment_status":"closed","ping_status":"closed","template":"","meta":{"site-sidebar-layout":"default","site-content-layout":"","ast-site-content-layout":"default","site-content-style":"default","site-sidebar-style":"default","ast-global-header-display":"","ast-banner-title-visibility":"","ast-main-header-display":"","ast-hfb-above-header-display":"","ast-hfb-below-header-display":"","ast-hfb-mobile-header-display":"","site-post-title":"","ast-breadcrumbs-content":"","ast-featured-img":"","footer-sml-layout":"","ast-disable-related-posts":"","theme-transparent-header-meta":"","adv-header-id-meta":"","stick-header-meta":"","header-above-stick-meta":"","header-main-stick-meta":"","header-below-stick-meta":"","astra-migrate-meta-layouts":"default","ast-page-background-enabled":"default","ast-page-background-meta":{"desktop":{"background-color":"var(--ast-global-color-5)","background-image":"","background-repeat":"repeat","background-position":"center center","background-size":"auto","background-attachment":"scroll","background-type":"","background-media":"","overlay-type":"","overlay-color":"","overlay-opacity":"","overlay-gradient":""},"tablet":{"background-color":"","background-image":"","background-repeat":"repeat","background-position":"center center","background-size":"auto","background-attachment":"scroll","background-type":"","background-media":"","overlay-type":"","overlay-color":"","overlay-opacity":"","overlay-gradient":""},"mobile":{"background-color":"","background-image":"","background-repeat":"repeat","background-position":"center center","background-size":"auto","background-attachment":"scroll","background-type":"","background-media":"","overlay-type":"","overlay-color":"","overlay-opacity":"","overlay-gradient":""}},"ast-content-background-meta":{"desktop":{"background-color":"var(--ast-global-color-4)","background-image":"","background-repeat":"repeat","background-position":"center center","background-size":"auto","background-attachment":"scroll","background-type":"","background-media":"","overlay-type":"","overlay-color":"","overlay-opacity":"","overlay-gradient":""},"tablet":{"background-color":"var(--ast-global-color-4)","background-image":"","background-repeat":"repeat","background-position":"center center","background-size":"auto","background-attachment":"scroll","background-type":"","background-media":"","overlay-type":"","overlay-color":"","overlay-opacity":"","overlay-gradient":""},"mobile":{"background-color":"var(--ast-global-color-4)","background-image":"","background-repeat":"repeat","background-position":"center center","background-size":"auto","background-attachment":"scroll","background-type":"","background-media":"","overlay-type":"","overlay-color":"","overlay-opacity":"","overlay-gradient":""}},"_joinchat":[],"footnotes":""},"class_list":["post-897","page","type-page","status-publish","hentry"],"_links":{"self":[{"href":"https:\/\/kenshinkan.com.ar\/escuela\/wp-json\/wp\/v2\/pages\/897","targetHints":{"allow":["GET"]}}],"collection":[{"href":"https:\/\/kenshinkan.com.ar\/escuela\/wp-json\/wp\/v2\/pages"}],"about":[{"href":"https:\/\/kenshinkan.com.ar\/escuela\/wp-json\/wp\/v2\/types\/page"}],"author":[{"embeddable":true,"href":"https:\/\/kenshinkan.com.ar\/escuela\/wp-json\/wp\/v2\/users\/2"}],"replies":[{"embeddable":true,"href":"https:\/\/kenshinkan.com.ar\/escuela\/wp-json\/wp\/v2\/comments?post=897"}],"version-history":[{"count":21,"href":"https:\/\/kenshinkan.com.ar\/escuela\/wp-json\/wp\/v2\/pages\/897\/revisions"}],"predecessor-version":[{"id":1092,"href":"https:\/\/kenshinkan.com.ar\/escuela\/wp-json\/wp\/v2\/pages\/897\/revisions\/1092"}],"wp:attachment":[{"href":"https:\/\/kenshinkan.com.ar\/escuela\/wp-json\/wp\/v2\/media?parent=897"}],"curies":[{"name":"wp","href":"https:\/\/api.w.org\/{rel}","templated":true}]}}