{"id":916,"date":"2026-03-27T19:22:51","date_gmt":"2026-03-27T19:22:51","guid":{"rendered":"https:\/\/kenshinkan.com.ar\/escuela\/?page_id=916"},"modified":"2026-03-31T15:33:25","modified_gmt":"2026-03-31T15:33:25","slug":"portada","status":"publish","type":"page","link":"https:\/\/kenshinkan.com.ar\/escuela\/","title":{"rendered":"PORTADA"},"content":{"rendered":"\n<h2 class=\"wp-block-heading has-vivid-red-color has-text-color has-link-color wp-elements-f61fb5cebb69138ea9d0b867b638cbca\">SITIO OFICIAL KEN SHIN KAN ARGENTINA<\/h2>\n\n\n\n<div style=\"height:100px\" aria-hidden=\"true\" class=\"wp-block-spacer\"><\/div>\n\n\n\n<figure class=\"wp-block-image aligncenter size-large\"><a href=\"https:\/\/kenshinkan.com.ar\/escuela\/wp-content\/uploads\/2026\/02\/cropped-1000015220.png\"><img loading=\"lazy\" decoding=\"async\" width=\"860\" height=\"1024\" src=\"https:\/\/kenshinkan.com.ar\/escuela\/wp-content\/uploads\/2026\/02\/cropped-1000015220-860x1024.png\" alt=\"\" class=\"wp-image-541\" srcset=\"https:\/\/kenshinkan.com.ar\/escuela\/wp-content\/uploads\/2026\/02\/cropped-1000015220-860x1024.png 860w, https:\/\/kenshinkan.com.ar\/escuela\/wp-content\/uploads\/2026\/02\/cropped-1000015220-252x300.png 252w, https:\/\/kenshinkan.com.ar\/escuela\/wp-content\/uploads\/2026\/02\/cropped-1000015220-768x915.png 768w, https:\/\/kenshinkan.com.ar\/escuela\/wp-content\/uploads\/2026\/02\/cropped-1000015220.png 1129w\" sizes=\"auto, (max-width: 860px) 100vw, 860px\" \/><\/a><\/figure>\n\n\n\n<div style=\"height:100px\" aria-hidden=\"true\" class=\"wp-block-spacer\"><\/div>\n\n\n\n<p class=\"has-border-color has-ast-global-color-4-border-color has-medium-font-size\" style=\"border-width:10px\">\u200bEs un honor recibirte en este espacio digital, el canal oficial dedicado a la preservaci\u00f3n y difusi\u00f3n de nuestra escuela. Desde las provincias de C\u00f3rdoba y San Juan, trabajamos con el compromiso de mantener viva la esencia del Karate-Do tradicional de Okinawa bajo el sello distintivo de Ken Shin Kan.<br>\u200bNuestra Misi\u00f3n y Legado<\/p>\n\n\n\n<p class=\"has-border-color has-ast-global-color-4-border-color has-medium-font-size\" style=\"border-width:10px\">\u200bNuestra misi\u00f3n trasciende la ense\u00f1anza t\u00e9cnica; nos dedicamos a la formaci\u00f3n integral del car\u00e1cter a trav\u00e9s del equilibrio entre el Go (la dureza) y el Ju (la suavidad). En cada clase, honramos y continuamos con orgullo el legado del Shihan Ra\u00fal Fern\u00e1ndez de la Reguera Silva, cuya visi\u00f3n y maestr\u00eda siguen siendo el faro que gu\u00eda nuestro camino marcial.<\/p>\n\n\n\n<p class=\"has-border-color has-ast-global-color-4-border-color has-medium-font-size\" style=\"border-width:10px\">\u200bEn nuestros Dojos, la pr\u00e1ctica se fundamenta en la disciplina, el respeto mutuo y la b\u00fasqueda constante de la superaci\u00f3n personal, valores que el Shihan nos inculc\u00f3 y que hoy transmitimos a las nuevas generaciones.<\/p>\n\n\n\n<p class=\"has-border-color has-ast-global-color-4-border-color has-medium-font-size\" style=\"border-width:10px\"><br>\u200b<strong>Un Camino de Superaci\u00f3n<\/strong><\/p>\n\n\n\n<p class=\"has-border-color has-ast-global-color-4-border-color has-medium-font-size\" style=\"border-width:10px\">\u200bEste sitio ha sido dise\u00f1ado para que alumnos, instructores y entusiastas del arte marcial encuentren informaci\u00f3n precisa sobre:<\/p>\n\n\n\n<p class=\"has-border-color has-ast-global-color-4-border-color has-medium-font-size\" style=\"border-width:10px\">\u200b<strong>Sedes y Horarios:<\/strong> Espacios de entrenamiento en C\u00f3rdoba y San Juan.<br>\u200b<strong>Filosof\u00eda y T\u00e9cnica:<\/strong> El estudio profundo de los Katas y los fundamentos del estilo.<br>\u200b<strong>Novedades<\/strong>: Calendario de eventos, ex\u00e1menes y seminarios oficiales.<\/p>\n\n\n\n<p class=\"has-border-color has-ast-global-color-4-border-color has-medium-font-size\" style=\"border-width:10px\">\u200bTe invitamos a ser parte de esta comunidad donde no solo entrenamos el cuerpo, sino que cultivamos el respeto y el esp\u00edritu.<\/p>\n","protected":false},"excerpt":{"rendered":"<p>SITIO OFICIAL KEN SHIN KAN ARGENTINA \u200bEs un honor recibirte en este espacio digital, el canal oficial dedicado a la [&hellip;]<\/p>\n","protected":false},"author":2,"featured_media":0,"parent":0,"menu_order":0,"comment_status":"closed","ping_status":"closed","template":"","meta":{"site-sidebar-layout":"default","site-content-layout":"","ast-site-content-layout":"default","site-content-style":"default","site-sidebar-style":"default","ast-global-header-display":"","ast-banner-title-visibility":"","ast-main-header-display":"","ast-hfb-above-header-display":"","ast-hfb-below-header-display":"","ast-hfb-mobile-header-display":"","site-post-title":"","ast-breadcrumbs-content":"","ast-featured-img":"","footer-sml-layout":"","ast-disable-related-posts":"","theme-transparent-header-meta":"","adv-header-id-meta":"","stick-header-meta":"","header-above-stick-meta":"","header-main-stick-meta":"","header-below-stick-meta":"","astra-migrate-meta-layouts":"default","ast-page-background-enabled":"default","ast-page-background-meta":{"desktop":{"background-color":"var(--ast-global-color-5)","background-image":"","background-repeat":"repeat","background-position":"center center","background-size":"auto","background-attachment":"scroll","background-type":"","background-media":"","overlay-type":"","overlay-color":"","overlay-opacity":"","overlay-gradient":""},"tablet":{"background-color":"","background-image":"","background-repeat":"repeat","background-position":"center center","background-size":"auto","background-attachment":"scroll","background-type":"","background-media":"","overlay-type":"","overlay-color":"","overlay-opacity":"","overlay-gradient":""},"mobile":{"background-color":"","background-image":"","background-repeat":"repeat","background-position":"center center","background-size":"auto","background-attachment":"scroll","background-type":"","background-media":"","overlay-type":"","overlay-color":"","overlay-opacity":"","overlay-gradient":""}},"ast-content-background-meta":{"desktop":{"background-color":"var(--ast-global-color-4)","background-image":"","background-repeat":"repeat","background-position":"center center","background-size":"auto","background-attachment":"scroll","background-type":"","background-media":"","overlay-type":"","overlay-color":"","overlay-opacity":"","overlay-gradient":""},"tablet":{"background-color":"var(--ast-global-color-4)","background-image":"","background-repeat":"repeat","background-position":"center center","background-size":"auto","background-attachment":"scroll","background-type":"","background-media":"","overlay-type":"","overlay-color":"","overlay-opacity":"","overlay-gradient":""},"mobile":{"background-color":"var(--ast-global-color-4)","background-image":"","background-repeat":"repeat","background-position":"center center","background-size":"auto","background-attachment":"scroll","background-type":"","background-media":"","overlay-type":"","overlay-color":"","overlay-opacity":"","overlay-gradient":""}},"_joinchat":[],"footnotes":""},"class_list":["post-916","page","type-page","status-publish","hentry"],"_links":{"self":[{"href":"https:\/\/kenshinkan.com.ar\/escuela\/wp-json\/wp\/v2\/pages\/916","targetHints":{"allow":["GET"]}}],"collection":[{"href":"https:\/\/kenshinkan.com.ar\/escuela\/wp-json\/wp\/v2\/pages"}],"about":[{"href":"https:\/\/kenshinkan.com.ar\/escuela\/wp-json\/wp\/v2\/types\/page"}],"author":[{"embeddable":true,"href":"https:\/\/kenshinkan.com.ar\/escuela\/wp-json\/wp\/v2\/users\/2"}],"replies":[{"embeddable":true,"href":"https:\/\/kenshinkan.com.ar\/escuela\/wp-json\/wp\/v2\/comments?post=916"}],"version-history":[{"count":3,"href":"https:\/\/kenshinkan.com.ar\/escuela\/wp-json\/wp\/v2\/pages\/916\/revisions"}],"predecessor-version":[{"id":974,"href":"https:\/\/kenshinkan.com.ar\/escuela\/wp-json\/wp\/v2\/pages\/916\/revisions\/974"}],"wp:attachment":[{"href":"https:\/\/kenshinkan.com.ar\/escuela\/wp-json\/wp\/v2\/media?parent=916"}],"curies":[{"name":"wp","href":"https:\/\/api.w.org\/{rel}","templated":true}]}}