{"id":941,"date":"2026-03-27T20:33:19","date_gmt":"2026-03-27T20:33:19","guid":{"rendered":"https:\/\/kenshinkan.com.ar\/escuela\/?page_id=941"},"modified":"2026-03-31T13:43:01","modified_gmt":"2026-03-31T13:43:01","slug":"significado-de-dojo","status":"publish","type":"page","link":"https:\/\/kenshinkan.com.ar\/escuela\/significado-de-dojo\/","title":{"rendered":"Significado de Dojo"},"content":{"rendered":"\n<p class=\"has-border-color has-ast-global-color-4-border-color has-medium-font-size\" style=\"border-width:10px\">Actualmente, \u00abdojo\u00bb no est\u00e1 registrado en el diccionario de la Real Academia Espa\u00f1ola (RAE). Sin embargo, el t\u00e9rmino japones se usa internacionalmente para referirse a una sala de entrenamiento o escuela de artes marciales. Significa literalmente \u00ablugar del camino\u00bb (\u9053,\u00a0<em>d\u014d<\/em>\u00a0= camino, \u5834,\u00a0<em>j\u014d<\/em>\u00a0= lugar), un espacio para el aprendizaje t\u00e9cnico y mental. (Texto extra\u00eddo de la p\u00e1gina <a href=\"https:\/\/www.google.com\/search?q=significado+de+dojo+en+rae&amp;client=tablet-android-lenovo-rvo3&amp;hs=yHxU&amp;sca_esv=8e9668447196fc90&amp;sxsrf=ANbL-n4k3r8f91oSiMwYLrWc6-BbvC8jZg%3A1774956805068&amp;ei=BbHLafTrA5ig5OUPksDu2Ak&amp;biw=1280&amp;bih=605&amp;oq=significado+de+dojo+en+rae&amp;gs_lp=EhNtb2JpbGUtZ3dzLXdpei1zZXJwIhpzaWduaWZpY2FkbyBkZSBkb2pvIGVuIHJhZTIFECEYoAEyBRAhGKABMgUQIRifBTIIEAAYgAQYogQyBRAAGO8FMgUQABjvBTIFEAAY7wVIhz5Q3w1Y9zJwAXgBkAEAmAH1BKABjA6qAQcwLjkuNS0xuAEDyAEA-AEBmAILoAK_D8ICChAAGLADGNYEGEfCAgQQIxgnwgIHECEYoAEYCsICBhAAGBYYHsICBRAAGIAEmAMAiAYBkAYIkgcJMS44LjEuNS0xoAf_Q7IHCTAuOC4xLjUtMbgHrw_CBwUzLTguM8gHqwGACAA&amp;sclient=mobile-gws-wiz-serp\" target=\"_blank\" rel=\"noopener\">web<\/a>.)<\/p>\n\n\n\n<div style=\"height:30px\" aria-hidden=\"true\" class=\"wp-block-spacer\"><\/div>\n\n\n\n<p class=\"has-border-color has-ast-global-color-4-border-color has-medium-font-size\" style=\"border-width:10px\">En esta oportunidad, queremos acercarles el escrito elaborado por un alumno Ken Shin Kan, de esta gran familia que nos une a lo largo y ancho del planeta, sobre el significado de Dojo, honrando la memoria del Shihan Ra\u00fal Fernandez del la Reguera Silva.<\/p>\n\n\n\n<h3 class=\"wp-block-heading has-vivid-red-color has-text-color has-link-color wp-elements-573115f3e2a46b3a4131a06f32b0ff42\">\u200bEl Dojo y el Estado del Ser: Una Herencia de Luz<\/h3>\n\n\n\n<p class=\"has-border-color has-ast-global-color-4-border-color has-medium-font-size\" style=\"border-width:10px\">\u200bEstimados alumnos, practicantes del Ken Shin Kan:<br>\u200bHoy quiero compartir con ustedes una reflexi\u00f3n sobre el espacio que habitamos y el prop\u00f3sito de nuestro entrenamiento. Para entender nuestro Karate-do, debemos primero comprender qu\u00e9 es el Dojo.<\/p>\n\n\n\n<p class=\"has-border-color has-ast-global-color-4-border-color has-medium-font-size\" style=\"border-width:10px\">\u200b<strong>1. El Encuentro con el Camino.<\/strong><\/p>\n\n\n\n<p class=\"has-border-color has-ast-global-color-4-border-color has-medium-font-size\" style=\"border-width:10px\">\u200bCuando un principiante cruza el umbral del Dojo por primera vez, sus ojos suelen quedarse en la superficie: los colores de los cinturones, la firmeza de las posiciones o el rigor del Kiai. Muchos llegan buscando fuerza o seguridad; otros, siendo ni\u00f1os, llegan de la mano de sus padres sin saber que est\u00e1n iniciando un viaje hacia su propio interior.<br>\u200bEn ese inicio, la figura del Sensei aparece como un gu\u00eda, un protector. Es un afecto profundo que nace del respeto y del Reishiki (la etiqueta), transformando esa relaci\u00f3n en un pilar emocional que nos sostiene mientras forjamos nuestro car\u00e1cter.<\/p>\n\n\n\n<p class=\"has-border-color has-ast-global-color-4-border-color has-medium-font-size\" style=\"border-width:10px\">\u200b<strong>2. Personalidad frente a la Esencia (Kokoro)<\/strong><\/p>\n\n\n\n<p class=\"has-border-color has-ast-global-color-4-border-color has-medium-font-size\" style=\"border-width:10px\">\u200bCon el paso de los a\u00f1os y el sudor en el Karategi, el Dojo deja de ser una sala de ejercicios para convertirse en una Alquimia del alma.<br>\u200bMi Maestro, Ra\u00fal Fernandez, nos advert\u00eda sobre un peligro en el camino: el desarrollo del \u00abFalso Ego\u00bb. Muchos se acercan al Budo buscando alimentar su orgullo o escapar de la soledad. Sin embargo, la verdadera ense\u00f1anza busca el equilibrio o ecuanimidad. El Sensei nos ense\u00f1\u00f3 que, si bien debemos desarrollar nuestra personalidad para navegar en el mundo, esta nunca debe anular nuestra Esencia (Kokoro). El intelecto es una herramienta, pero es la intuici\u00f3n la que nos permite conectar con la t\u00e9cnica verdadera.<\/p>\n\n\n\n<p class=\"has-border-color has-ast-global-color-4-border-color has-medium-font-size\" style=\"border-width:10px\">\u200b<strong>3. El Dojo como Bodhimanda<\/strong><\/p>\n\n\n\n<p class=\"has-border-color has-ast-global-color-4-border-color has-medium-font-size\" style=\"border-width:10px\">\u200b\u00bfQu\u00e9 es, entonces, un Dojo? No es un gimnasio, ni un club social, ni mucho menos un lugar para la distracci\u00f3n superficial.<br>\u200bLa palabra Dojo significa literalmente \u00abLugar donde se busca el Camino\u00bb. Siguiendo las huellas de mi Maestro, hoy comprendo que el Dojo es un Bodhimanda: un lugar sagrado de iluminaci\u00f3n. Es el espacio donde conectamos con la alegr\u00eda, el compa\u00f1erismo y, sobre todo, con el desarrollo del coraz\u00f3n.<\/p>\n\n\n\n<p class=\"has-border-color has-ast-global-color-4-border-color has-medium-font-size\" style=\"border-width:10px\">\u200b<strong>4. El Legado del Maestro Ra\u00fal.<\/strong><\/p>\n\n\n\n<p class=\"has-border-color has-ast-global-color-4-border-color has-medium-font-size\" style=\"border-width:10px\">\u200bSi algo nos repet\u00eda el Maestro hasta el cansancio, era una lecci\u00f3n de humildad profunda:<br>\u200b\u00bbNo me amen a m\u00ed; desarrollen la consideraci\u00f3n y el respeto por sus compa\u00f1eros. Solo a trav\u00e9s del servicio y la empat\u00eda con sus pares aprender\u00e1n lo que es el verdadero amor\u00bb.<br>\u200b\u00c9l no buscaba seguidores, buscaba hombres y mujeres despiertos. Nos ense\u00f1\u00f3 que el Karate no termina al quitarse el cintur\u00f3n; el estado de Zanshin (atenci\u00f3n plena) debe acompa\u00f1arnos en cada acto de ayuda al pr\u00f3jimo.<\/p>\n\n\n\n<p class=\"has-border-color has-ast-global-color-4-border-color has-medium-font-size\" style=\"border-width:10px\">\u200bA mi Maestro, que ya no est\u00e1 f\u00edsicamente entre nosotros:<br>Gracias por mostrarme que el Dojo no son estas cuatro paredes, sino el lugar sagrado que construyo dentro de m\u00ed mismo cada vez que entreno con honestidad. Ya s\u00e9 lo que tengo que hacer: honrar t\u00fa Ken Shin Kan como nos indicaste, t\u00fa memoria, manteniendo encendida la llama de la Esencia en cada uno de los alumnos de esta hermosa escuela, qu\u00e9 durar\u00e1 700 a\u00f1os c\u00f3mo nos indicaste en alg\u00fan momento.<\/p>\n\n\n\n<p class=\"has-small-font-size\">\u200bAutor: Victor Hugo Faunes Petit-Breuith<\/p>\n","protected":false},"excerpt":{"rendered":"<p>Actualmente, \u00abdojo\u00bb no est\u00e1 registrado en el diccionario de la Real Academia Espa\u00f1ola (RAE). Sin embargo, el t\u00e9rmino japones se [&hellip;]<\/p>\n","protected":false},"author":2,"featured_media":0,"parent":0,"menu_order":0,"comment_status":"closed","ping_status":"closed","template":"","meta":{"site-sidebar-layout":"default","site-content-layout":"","ast-site-content-layout":"default","site-content-style":"default","site-sidebar-style":"default","ast-global-header-display":"","ast-banner-title-visibility":"","ast-main-header-display":"","ast-hfb-above-header-display":"","ast-hfb-below-header-display":"","ast-hfb-mobile-header-display":"","site-post-title":"","ast-breadcrumbs-content":"","ast-featured-img":"","footer-sml-layout":"","ast-disable-related-posts":"","theme-transparent-header-meta":"","adv-header-id-meta":"","stick-header-meta":"","header-above-stick-meta":"","header-main-stick-meta":"","header-below-stick-meta":"","astra-migrate-meta-layouts":"default","ast-page-background-enabled":"default","ast-page-background-meta":{"desktop":{"background-color":"var(--ast-global-color-5)","background-image":"","background-repeat":"repeat","background-position":"center center","background-size":"auto","background-attachment":"scroll","background-type":"","background-media":"","overlay-type":"","overlay-color":"","overlay-opacity":"","overlay-gradient":""},"tablet":{"background-color":"","background-image":"","background-repeat":"repeat","background-position":"center center","background-size":"auto","background-attachment":"scroll","background-type":"","background-media":"","overlay-type":"","overlay-color":"","overlay-opacity":"","overlay-gradient":""},"mobile":{"background-color":"","background-image":"","background-repeat":"repeat","background-position":"center center","background-size":"auto","background-attachment":"scroll","background-type":"","background-media":"","overlay-type":"","overlay-color":"","overlay-opacity":"","overlay-gradient":""}},"ast-content-background-meta":{"desktop":{"background-color":"var(--ast-global-color-4)","background-image":"","background-repeat":"repeat","background-position":"center center","background-size":"auto","background-attachment":"scroll","background-type":"","background-media":"","overlay-type":"","overlay-color":"","overlay-opacity":"","overlay-gradient":""},"tablet":{"background-color":"var(--ast-global-color-4)","background-image":"","background-repeat":"repeat","background-position":"center center","background-size":"auto","background-attachment":"scroll","background-type":"","background-media":"","overlay-type":"","overlay-color":"","overlay-opacity":"","overlay-gradient":""},"mobile":{"background-color":"var(--ast-global-color-4)","background-image":"","background-repeat":"repeat","background-position":"center center","background-size":"auto","background-attachment":"scroll","background-type":"","background-media":"","overlay-type":"","overlay-color":"","overlay-opacity":"","overlay-gradient":""}},"_joinchat":[],"footnotes":""},"class_list":["post-941","page","type-page","status-publish","hentry"],"_links":{"self":[{"href":"https:\/\/kenshinkan.com.ar\/escuela\/wp-json\/wp\/v2\/pages\/941","targetHints":{"allow":["GET"]}}],"collection":[{"href":"https:\/\/kenshinkan.com.ar\/escuela\/wp-json\/wp\/v2\/pages"}],"about":[{"href":"https:\/\/kenshinkan.com.ar\/escuela\/wp-json\/wp\/v2\/types\/page"}],"author":[{"embeddable":true,"href":"https:\/\/kenshinkan.com.ar\/escuela\/wp-json\/wp\/v2\/users\/2"}],"replies":[{"embeddable":true,"href":"https:\/\/kenshinkan.com.ar\/escuela\/wp-json\/wp\/v2\/comments?post=941"}],"version-history":[{"count":14,"href":"https:\/\/kenshinkan.com.ar\/escuela\/wp-json\/wp\/v2\/pages\/941\/revisions"}],"predecessor-version":[{"id":990,"href":"https:\/\/kenshinkan.com.ar\/escuela\/wp-json\/wp\/v2\/pages\/941\/revisions\/990"}],"wp:attachment":[{"href":"https:\/\/kenshinkan.com.ar\/escuela\/wp-json\/wp\/v2\/media?parent=941"}],"curies":[{"name":"wp","href":"https:\/\/api.w.org\/{rel}","templated":true}]}}